{"id":1408,"date":"2024-04-04T19:38:08","date_gmt":"2024-04-04T19:38:08","guid":{"rendered":"https:\/\/ceramicasfabris.com\/?post_type=product&#038;p=1408"},"modified":"2024-05-16T20:40:41","modified_gmt":"2024-05-16T20:40:41","slug":"tablon-san-remo-20-x-100-porcelanato-premium","status":"publish","type":"product","link":"https:\/\/ceramicasfabris.com\/index.php\/product\/tablon-san-remo-20-x-100-porcelanato-premium\/","title":{"rendered":"TABLON SAN REMO 20 x 100 &#8211; PORCELANATO PREMIUM"},"content":{"rendered":"<p><strong>Nombre:<\/strong> Tablon San Remo 20 x 100 &#8211; Porcelanato Premium<br \/><strong>Espesor:<\/strong> 5-7 mm<br \/><strong>Tama\u00f1o:<\/strong> 1000 x 200 mm<br \/><strong>Cantidad Listones: <\/strong>6 Piezas por Caja<br \/><strong>Presentaci\u00f3n:<\/strong> 1.20 m2 por Caja<br \/><strong><em>BENEFICIOS<\/em><\/strong><br \/><strong>&#8211; Tipolog\u00eda<\/strong>: Estilo Maderado<br \/><strong>&#8211; Acabado:<\/strong> Semi Brillo<br \/><strong>&#8211; Resistencia:<\/strong> Alto Tr\u00e1nsito<br \/><strong>&#8211; Tonalidades:<\/strong> Tono Uniforme<\/p>\n","protected":false},"excerpt":{"rendered":"<p>Los tablones en porcelanato premium reflejan la belleza real de la madera. Su textura y alta resistencia permiten que sea utilizado en ambientes de alto tr\u00e1nsito. La variedad de colores que presentamos en nuestra colecci\u00f3n son de edici\u00f3n limitada.<\/p>\n","protected":false},"featured_media":1410,"comment_status":"open","ping_status":"closed","template":"","meta":{"_eb_attr":""},"product_cat":[99,47],"product_tag":[],"class_list":{"0":"post-1408","1":"product","2":"type-product","3":"status-publish","4":"has-post-thumbnail","6":"product_cat-tablon","7":"product_cat-tablon-porcelanato-premium","9":"first","10":"instock","11":"shipping-taxable","12":"purchasable","13":"product-type-simple"},"_links":{"self":[{"href":"https:\/\/ceramicasfabris.com\/index.php\/wp-json\/wp\/v2\/product\/1408","targetHints":{"allow":["GET"]}}],"collection":[{"href":"https:\/\/ceramicasfabris.com\/index.php\/wp-json\/wp\/v2\/product"}],"about":[{"href":"https:\/\/ceramicasfabris.com\/index.php\/wp-json\/wp\/v2\/types\/product"}],"replies":[{"embeddable":true,"href":"https:\/\/ceramicasfabris.com\/index.php\/wp-json\/wp\/v2\/comments?post=1408"}],"wp:featuredmedia":[{"embeddable":true,"href":"https:\/\/ceramicasfabris.com\/index.php\/wp-json\/wp\/v2\/media\/1410"}],"wp:attachment":[{"href":"https:\/\/ceramicasfabris.com\/index.php\/wp-json\/wp\/v2\/media?parent=1408"}],"wp:term":[{"taxonomy":"product_cat","embeddable":true,"href":"https:\/\/ceramicasfabris.com\/index.php\/wp-json\/wp\/v2\/product_cat?post=1408"},{"taxonomy":"product_tag","embeddable":true,"href":"https:\/\/ceramicasfabris.com\/index.php\/wp-json\/wp\/v2\/product_tag?post=1408"}],"curies":[{"name":"wp","href":"https:\/\/api.w.org\/{rel}","templated":true}]}}