{"id":1440,"date":"2024-04-05T16:20:44","date_gmt":"2024-04-05T16:20:44","guid":{"rendered":"https:\/\/ceramicasfabris.com\/?post_type=product&#038;p=1440"},"modified":"2024-04-12T21:09:05","modified_gmt":"2024-04-12T21:09:05","slug":"cuarzo-gris-15-x-60-piedras-naturales","status":"publish","type":"product","link":"https:\/\/ceramicasfabris.com\/index.php\/product\/cuarzo-gris-15-x-60-piedras-naturales\/","title":{"rendered":"CUARZO GRIS 15 x 60 &#8211; PIEDRAS NATURALES"},"content":{"rendered":"<p><strong>Nombre:<\/strong> Cuarzo Gris 15 x 60 &#8211; Piedras Naturales<br \/><strong>Tama\u00f1o:<\/strong> 600 x 150 mm<br \/><strong>Cantidad Listones: <\/strong>6 Piezas por Caja<br \/><strong>Espesor: <\/strong>15 &#8211; 20 mm<\/p>\n<p><strong><em>BENEFICIOS<\/em><\/strong><br \/><strong>&#8211; Tipolog\u00eda<\/strong>: Piedra Natural<br \/><strong>&#8211; Uso:<\/strong> Pared (Interiores &amp; Exteriores)<br \/><strong>&#8211; Resistencia:<\/strong> Alto Tr\u00e1nsito<br \/><strong>&#8211; Tonalidades:<\/strong> Multicolores<\/p>\n","protected":false},"excerpt":{"rendered":"<p>Nuestras piezas en piedra natural son de una calidad \u00fanica la cual es capaz de resistir por muchos a\u00f1os llevando un cuidado especial. Est\u00e1 compuesta por l\u00e1minas de piedra 100% natural, y le dan a las paredes de tu hogar un estilo elegante.<\/p>\n","protected":false},"featured_media":1441,"comment_status":"open","ping_status":"closed","template":"","meta":{"_eb_attr":""},"product_cat":[48],"product_tag":[],"class_list":{"0":"post-1440","1":"product","2":"type-product","3":"status-publish","4":"has-post-thumbnail","6":"product_cat-piedras-naturales","8":"first","9":"instock","10":"shipping-taxable","11":"purchasable","12":"product-type-simple"},"_links":{"self":[{"href":"https:\/\/ceramicasfabris.com\/index.php\/wp-json\/wp\/v2\/product\/1440","targetHints":{"allow":["GET"]}}],"collection":[{"href":"https:\/\/ceramicasfabris.com\/index.php\/wp-json\/wp\/v2\/product"}],"about":[{"href":"https:\/\/ceramicasfabris.com\/index.php\/wp-json\/wp\/v2\/types\/product"}],"replies":[{"embeddable":true,"href":"https:\/\/ceramicasfabris.com\/index.php\/wp-json\/wp\/v2\/comments?post=1440"}],"wp:featuredmedia":[{"embeddable":true,"href":"https:\/\/ceramicasfabris.com\/index.php\/wp-json\/wp\/v2\/media\/1441"}],"wp:attachment":[{"href":"https:\/\/ceramicasfabris.com\/index.php\/wp-json\/wp\/v2\/media?parent=1440"}],"wp:term":[{"taxonomy":"product_cat","embeddable":true,"href":"https:\/\/ceramicasfabris.com\/index.php\/wp-json\/wp\/v2\/product_cat?post=1440"},{"taxonomy":"product_tag","embeddable":true,"href":"https:\/\/ceramicasfabris.com\/index.php\/wp-json\/wp\/v2\/product_tag?post=1440"}],"curies":[{"name":"wp","href":"https:\/\/api.w.org\/{rel}","templated":true}]}}